- 84, 109 = 2*s + 3*s - 3*p. What is the remainder when 66 is divided by s?
20
Suppose 3*p - 20 = 5*n, -1 = -4*p + 2*n + 35. Suppose -5*a + 55 = 2*w, a - p = -a. Suppose t = 10 + 18. Calculate the remainder when t is divided by w.
13
Let g = 6 + -5. Let r = 9 - g. Calculate the remainder when 31 is divided by r.
7
Suppose 0 = -4*w + 8 + 8. Suppose -q = 4*j - 1 - 10, -4 = -j + q. What is the remainder when w is divided by j?
1
Let g(i) = -i**3 - 8*i**2 - i - 4. Let j(o) = 4*o**2 - 5 - o**2 - 3*o - o**3 + 3*o**2. What is the remainder when j(4) is divided by g(-8)?
3
Suppose -12 = -4*t + 16. What is the remainder when 19 is divided by t?
5
Suppose 4*h = h + 81. What is the remainder when h is divided by 15?
12
Suppose -2*h + 308 = 5*h. Calculate the remainder when h is divided by 15.
14
What is the remainder when 2/6 - (-128)/3 is divided by (-152)/(-7) - (-4)/14?
21
Suppose 0 = z + 3*z - l - 533, 5*z + 3*l - 679 = 0. What is the remainder when z is divided by 15?
14
Let r be (-2)/(-6) - 76/12. Let d(c) = c**3 + 6*c**2 + 5. What is the remainder when d(r) is divided by 3?
2
Let t(i) = 17*i**3 - 11*i**2 - 11*i - 9. Let w(z) = 8*z**3 - 5*z**2 - 5*z - 4. Let c(o) = 6*t(o) - 13*w(o). What is the remainder when 22 is divided by c(-2)?
10
Suppose 0 = k + 1 + 1. Suppose 3*v + 0*v = 72. What is the remainder when ((-195)/6 + -3)*k is divided by v?
23
What is the remainder when 0/9 + 474/3 is divided by 40?
38
Let y = 54 + -42. What is the remainder when 47 is divided by y?
11
Let w = -54 + 63. Calculate the remainder when w is divided by 4.
1
Let q(b) = -3*b - 6. Suppose -4*p = -0*p + g - 117, g = -3*p + 89. Calculate the remainder when p is divided by q(-7).
13
Suppose 2*m + n = 87, -5*m + 119 + 98 = 2*n. Calculate the remainder when m is divided by (22 - -1)*(8 - 7).
20
What is the remainder when 30/1 - -3 - 0 is divided by 12?
9
Let d be ((-235)/10)/(2/(-4)). Let r = d + -21. Calculate the remainder when 77 is divided by r.
25
Suppose 20 = -0*l - 5*l, 5*h - l - 24 = 0. What is the remainder when h is divided by 3?
1
Let u = 41 + -8. What is the remainder when u is divided by 9?
6
Let u(h) = -2*h + 13. What is the remainder when u(-7) is divided by 15?
12
Suppose 0 = f + 4*u - 12 - 11, 3*f - 5 = 4*u. Calculate the remainder when f is divided by 4.
3
Suppose 84 = 5*m + 24. Suppose 0 = 3*g - 4*g + 80. Let i = -46 + g. Calculate the remainder when i is divided by m.
10
Let u(c) = c + 2. Let t be u(5). Let b = -4 + t. Suppose b*v - 4 = -1. What is the remainder when v is divided by 1?
0
Calculate the remainder when 83 is divided by (63/(-6) - 0)*-4.
41
Calculate the remainder when 26 is divided by 220/15 + 1/3.
11
Suppose -4*v + 23 = -77. Calculate the remainder when v is divided by 13.
12
Let b = 17 - -2. Suppose 40 = 2*t + 26. Calculate the remainder when b is divided by t.
5
Let b(o) = -12*o + 37. What is the remainder when b(-2) is divided by 9?
7
Suppose 8*v - 3*v + 20 = 0, 0 = -5*m - 4*v + 19. Let n(y) = 8*y**2 + 6*y - 2. Calculate the remainder when n(-2) is divided by m.
4
Let q = 22 + 0. Let v = 68 - 4. What is the remainder when v is divided by q?
20
Let o be -4 - -4 - -4*2. Suppose 5*a - 7 = 3*l, -2*l - o = -3*a - 4*l. Suppose u + 1 = -b + 3, 5*u + a*b = 25. What is the remainder when 13 is divided by u?
6
Let i(o) = 5*o**2 + 5*o + 3. Let n be (1/2)/((-6)/(-96)). Suppose -g - c - n = 4*c, g - c - 22 = 0. What is the remainder when i(-3) is divided by g?
16
What is the remainder when 9 is divided by (-36)/(-24)*(1 - -3)?
3
Let w be 8/(-12) + 836/(-6). Let q = -93 - w. What is the remainder when q is divided by 16?
15
Let o = 6 + -47. Let r = -15 - o. What is the remainder when r is divided by 9?
8
Suppose -1 = -3*i + 2*i. Let a = 10 - i. Suppose y + 0 = a. Calculate the remainder when y is divided by 5.
4
Let r(w) = 7*w - 1. Let o(l) = 4*l - 5. Calculate the remainder when r(4) is divided by o(3).
6
Let r be ((-16)/12)/(2/(-3)). Let l be (r - 0 - 0) + 3. Suppose 3*y + 4 = l*y. Calculate the remainder when 4 is divided by y.
0
Suppose 2*m - 15 = -m. Suppose 4*t + 1 = -z, -m*z - 2*t = 2*t - 27. Let r(l) = -l**3 + 6*l**2 + 9*l - 1. What is the remainder when 25 is divided by r(z)?
12
Suppose 4*h = h + 54. Suppose o - h = 28. Suppose 2*z - o = -0*z. What is the remainder when z is divided by 12?
11
Suppose 8*b - 3*b - 105 = 0. Calculate the remainder when 207 is divided by b.
18
Suppose 2 = -5*w + 27. Suppose -8 = w*h - 78. What is the remainder when 39 is divided by h?
11
Let t(y) = y**2 - 2*y + 11. What is the remainder when 72 is divided by t(4)?
15
Suppose 0 = -0*b - b. Suppose b = -4*y + 67 + 25. What is the remainder when y is divided by 12?
11
Let j = 6 - 8. Let z be j/((24/105)/4). Let u = z - -60. What is the remainder when u is divided by 7?
4
What is the remainder when (-2 + 0 + 3)*33 is divided by 18?
15
Let y be 0 + (-12)/(-4 - -2). What is the remainder when (y*-1)/2*-9 is divided by 15?
12
Suppose 72 = 8*t - 112. What is the remainder when t is divided by 14?
9
Let k = 33 + -14. Calculate the remainder when k is divided by 11.
8
Calculate the remainder when 216 is divided by (-493)/(-9) - (-6)/27.
51
Let d = 22 + -13. Let u = -4 + 4. Let q = u + d. What is the remainder when 17 is divided by q?
8
Suppose 0*z - 2*z = -4. Let k = -4 + 7. Calculate the remainder when k is divided by z.
1
Calculate the remainder when (-16)/(-104) - (-453)/13 is divided by 6.
5
Suppose 6 = 2*h - 4. Suppose -2*o = -h*o + 36. Calculate the remainder when 21 is divided by o.
9
Let s(p) = p**2 - 4*p - 5. Let y be s(6). Suppose -2*x = 5*q + 1, 3*q + 2*x - y*x = 18. Calculate the remainder when 1 is divided by q.
0
Let a = 0 - -1. Let p = -44 - -45. Calculate the remainder when p is divided by a/3 - (-4)/6.
0
Let j = -19 + 26. Calculate the remainder when 9 is divided by j.
2
Let i(x) = -x**3 - 5*x**2 + 4*x + 9. Calculate the remainder when i(-6) is divided by 11.
10
Suppose -n + 10 = -3*n, 100 = 5*s + 5*n. Calculate the remainder when 98 is divided by s.
23
Suppose 0*u = -2*u + 166. Calculate the remainder when u is divided by 22.
17
Let m(f) = -f**3 - 7*f**2 - 12*f - 6. Let o be m(-5). Let y = o - -4. Calculate the remainder when 30 is divided by y.
6
Let b = 43 - 20. Suppose 4*d - 2*q - b = 3, 0 = -4*d + 4*q + 20. What is the remainder when d is divided by 5?
3
Let w = 63 + -36. Suppose -43 = -3*g - 2*n, 3*g = 5*n + 15 + 35. What is the remainder when w is divided by g?
12
Suppose 21 = 3*n + 2*t, -4*n = 5*t + 10 - 45. Let f = n - -4. What is the remainder when 35 is divided by f?
8
Let k(d) = d**3 - 2*d**2 + 3*d - 1. Calculate the remainder when 3 + 9 - (0 + -1) is divided by k(2).
3
Suppose -4*u - 8 = -56. Suppose -2*b - u = -6*b. Let l(k) = -k + 7. What is the remainder when 11 is divided by l(b)?
3
Suppose -d - 4*r + 4 = 22, 3*d + 3*r + 27 = 0. Let u(m) = -2*m + 2. What is the remainder when 27 is divided by u(d)?
13
Calculate the remainder when ((-3)/6)/((-2)/168) is divided by 22.
20
Let y(g) = -g**3 + 6*g**2 + 7*g + 4. Let a = -11 - -18. What is the remainder when y(a) is divided by 3?
1
Suppose 5*t - 3*t + 38 = 5*x, -5*t = -5*x + 65. Let q = -3 - t. Calculate the remainder when q is divided by 3.
0
Suppose 4*z + 14 = -3*j - 70, 0 = -5*z + 3*j - 78. Calculate the remainder when 15 is divided by z/((-3 - -2) + -1).
6
Let g(j) = 4*j**2 - 7*j - 1. Let v be g(-5). Calculate the remainder when 22 is divided by v/11 + 4/(-22).
10
Let b(w) = w**3 + 7*w**2 - 5*w - 3. Calculate the remainder when b(-6) is divided by 13.
11
Suppose -5*h = -5*c + 20, -15 = -2*h - 4*c + 1. Calculate the remainder when 55 - (-1 + h + 4) is divided by 18.
16
Let c(l) = -l**2 - 7*l - 3. Let m be c(-6). Let r = 6 - m. What is the remainder when r is divided by 2?
1
Let z = 74 + 45. Let n = z + -72. Suppose 134 = 9*a - 10. What is the remainder when n is divided by a?
15
Let r = 38 + -23. Let a(w) = -38*w + 3. Let d(t) = 13*t - 1. Let h(y) = -6*a(y) - 17*d(y). Calculate the remainder when r is divided by h(1).
3
Let j(z) = -z**2 - 5*z + 3. Let q(m) = m**3 + 8*m**2 + 7*m + 6. Calculate the remainder when q(-7) is divided by j(-5).
0
Let p = 9 + -3. Let d(t) = t + 2. What is the remainder when -4*(-1 + (-9)/p) is divided by d(4)?
4
Suppose -8*q + 155 = -3*q. Calculate the remainder w